ns digit of 56122155?
5
What is the thousands digit of 71842488?
2
What is the ten millions digit of 10302345?
1
What is the thousands digit of 202393566?
3
What is the ten thousands digit of 2813612830?
1
What is the ten millions digit of 45564753?
4
What is the hundred millions digit of 1055910038?
0
What is the units digit of 57006685?
5
What is the units digit of 22004726?
6
What is the tens digit of 80346383?
8
What is the thousands digit of 952989082?
9
What is the hundreds digit of 1327646448?
4
What is the thousands digit of 10060655?
0
What is the ten thousands digit of 83636819?
3
What is the hundred millions digit of 104516594?
1
What is the millions digit of 7745301323?
5
What is the hundreds digit of 62598114?
1
What is the millions digit of 3581392957?
1
What is the tens digit of 4941009351?
5
What is the ten thousands digit of 51593633?
9
What is the hundred thousands digit of 2521032285?
0
What is the billions digit of 5117812622?
5
What is the hundred thousands digit of 48360394?
3
What is the tens digit of 1840839818?
1
What is the ten millions digit of 4642742399?
4
What is the units digit of 49282802?
2
What is the hundreds digit of 319835273?
2
What is the ten thousands digit of 627810063?
1
What is the millions digit of 5076850602?
6
What is the ten millions digit of 80414225?
8
What is the hundred thousands digit of 69273528?
2
What is the tens digit of 59806575?
7
What is the hundreds digit of 167344491?
4
What is the ten thousands digit of 214683346?
8
What is the tens digit of 127923622?
2
What is the units digit of 118298673?
3
What is the units digit of 529566156?
6
What is the units digit of 85076731?
1
What is the hundreds digit of 55317578?
5
What is the millions digit of 29373990?
9
What is the hundred thousands digit of 703699008?
6
What is the hundred millions digit of 171103009?
1
What is the thousands digit of 494084699?
4
What is the units digit of 498357604?
4
What is the thousands digit of 329662613?
2
What is the hundreds digit of 392632268?
2
What is the ten thousands digit of 2408438365?
3
What is the hundred thousands digit of 1860041635?
0
What is the ten millions digit of 49385553?
4
What is the thousands digit of 63728890?
8
What is the hundreds digit of 407413155?
1
What is the tens digit of 22634349?
4
What is the tens digit of 108190133?
3
What is the thousands digit of 19584704?
4
What is the tens digit of 46966473?
7
What is the ten millions digit of 34314880?
3
What is the tens digit of 327237997?
9
What is the tens digit of 638680977?
7
What is the hundred millions digit of 486555307?
4
What is the millions digit of 42144064?
2
What is the millions digit of 332086789?
2
What is the thousands digit of 8178193168?
3
What is the ten thousands digit of 55395139?
9
What is the millions digit of 34066101?
4
What is the ten thousands digit of 75151135?
5
What is the ten millions digit of 224292359?
2
What is the tens digit of 30224771?
7
What is the hundred thousands digit of 436100985?
1
What is the units digit of 58215450?
0
What is the billions digit of 3040310366?
3
What is the hundred millions digit of 1490756903?
4
What is the ten thousands digit of 83603841?
0
What is the ten millions digit of 55145275?
5
What is the thousands digit of 142262804?
2
What is the hundreds digit of 1506603847?
8
What is the hundred thousands digit of 19640193?
6
What is the tens digit of 7404383932?
3
What is the hundred thousands digit of 3812120103?
1
What is the millions digit of 8685343119?
5
What is the units digit of 1757198247?
7
What is the hundred millions digit of 9493781254?
4
What is the units digit of 269855536?
6
What is the hundred thousands digit of 789998894?
9
What is the tens digit of 64384967?
6
What is the hundred millions digit of 382501582?
3
What is the tens digit of 486585325?
2
What is the ten thousands digit of 126095975?
9
What is the hundred thousands digit of 81910257?
9
What is the tens digit of 365154906?
0
What is the hundreds digit of 79345217?
2
What is the millions digit of 1423465514?
3
What is the millions digit of 1738631924?
8
What is the hundreds digit of 921664729?
7
What is the billions digit of 2755807448?
2
What is the hundreds digit of 768204657?
6
What is the ten millions digit of 104876876?
0
What is the ten thousands digit of 546752195?
5
What is the thousands digit of 17054382?
4
What is the hundred millions digit of 162289382?
1
What is the ten millions digit of 86031817?
8
What is the tens digit of 67649954?
5
What is the hundred thousands digit of 30166184?
1
What is the units digit of 53549509?
9
What is the units digit of 109114341?
1
What is the units digit of 682724679?
9
What is the units digit of 73974699?
9
What is the ten millions digit of 507954933?
0
What is the units digit of 9142171?
1
What is the millions digit of 401378038?
1
What is the hundreds digit of 105766850?
8
What is the units digit of 1683586742?
2
What is the units digit of 644255681?
1
What is the thousands digit of 626461693?
1
What is the tens digit of 7302601?
0
What is the ten thousands digit of 55347699?
4
What is the tens digit of 82313249?
4
What is the thousands digit of 220187990?
7
What is the millions digit of 15595228?
5
What is the thousands digit of 43436691?
6
What is the tens digit of 7442555?
5
What is the tens digit of 55216784?
8
What is the hundred millions digit of 189502451?
1
What is the hundred millions digit of 107857611?
1
What is the millions digit of 4682283504?
2
What is the millions digit of 1876944?
1
What is the millions digit of 431454100?
1
What is the ten millions digit of 37716926?
3
What is the ten thousands digit of 287239424?
3
What is the ten millions digit of 70674280?
7
What is the units digit of 65508415?
5
What is the tens digit of 45252476?
7
What is the hundred millions digit of 797324656?
7
What is the hundreds digit of 925346493?
4
What is the tens digit of 1384043667?
6
What is the millions digit of 6491218731?
1
What is the tens digit of 105361948?
4
What is the ten thousands digit of 359255700?
5
What is the units digit of 6007860?
0
What is the ten millions digit of 578919310?
7
What is the ten millions digit of 515050980?
1
What is the ten thousands digit of 57655225?
5
What is the ten thousands digit of 882283970?
8
What is the ten thousands digit of 59819004?
1
What is the ten thousands digit of 5070475064?
7
What is the thousands digit of 78204290?
4
What is the hundreds digit of 21455759?
7
What is the hundred thousands digit of 303506824?
5
What is the hundred millions digit of 1616971849?
6
What is the billions digit of 2855348729?
2
What is the hundred millions digit of 3045695309?
0
What is the millions digit of 266894215?
6
What is the units digit of 33506256?
6
What is the ten thousands digit of 137148212?
4
What is the ten thousands digit of 1170816821?
1
What is the hundred thousands digit of 79754495?
7
What is the millions digit of 78524152?
8
What is the hundred thousands digit of 1143484774?
4
What is the thousands digit of 4693640?
3
What is the ten thousands digit of 50224679?
2
What is the hundreds digit of 60606210?
2
What is the ten millions digit of 537873293?
3
What is the millions digit of 78693443?
8
What is the ten millions digit of 31676377?
3
What is the thousands digit of 116654771?
4
What is the hundred thousands digit of 11193610?
1
What is the millions digit of 107185620?
7
What is the millions digit of 807064867?
7
What is the millions digit of 8090597?
8
What is the units digit of 71733195?
5
What is the tens digit of 38165502?
0
What is the hundred millions digit of 479740226?
4
What is the tens digit of 1479643127?
2
What is the millions digit of 4781917840?
1
What is the tens digit of 217938759?
5
What is the hundred millions digit of 859659654?
8
What is the hundred millions digit of 203844334?
2
What is the thousands digit of 76979946?
9
What is the millions digit of 174425601?
4
What is the hundreds digit of 197266069?
0
What is the tens digit of 53385341?
4
What is the ten thousands digit of 2819133312?
3
What is the thousands digit of 15980526?
0
What is the hundred thousands digit of 188045923?
0
What is the thousands digit of 3811483?
1
What is the thousands digit of 300524915?
4
What